+ m**2 - 9. Let c(s) = -s**3 + 6*s**2 - s - 5. Let w be c(5). What is the units digit of p(w)?
1
Let u(r) = r**2 - 12*r - 21. Let i(w) = -w - 1. Let b be i(-5). Suppose -20 = b*v, 5*l + v - 46 = 34. What is the units digit of u(l)?
4
Suppose o - 6 + 4 = 0. Suppose 7*c - o*c = 385. Suppose 0*i + i + 5*v = c, i = -3*v + 67. What is the tens digit of i?
5
Let t = -508 - -504. Let g(a) = -a**3 - a**2 - a + 1. Let l(h) = -7*h**3 - 8*h**2 - 12*h - 4. Let r(f) = -6*g(f) + l(f). What is the units digit of r(t)?
6
Let w(i) = 2*i**3 - 4*i**2 - 3. Let o be w(5). Let x = o + -97. What is the tens digit of x?
5
Let d(u) = -449*u - 93. What is the tens digit of d(-3)?
5
Suppose -12274 = -0*p - 17*p. What is the tens digit of p?
2
Suppose -4*a = -3*a - 55. Let f be ((-8)/12*3)/(2/(-37)). Let u = a - f. What is the tens digit of u?
1
Suppose -203 = -3*l - 4*n + 66, 297 = 3*l - 3*n. What is the units digit of l?
5
Suppose 2*h + 5*f = -6, -3*h + 2*h = f. Suppose -3*k + 4*c = -87, 0 = -6*k + h*k + 4*c + 112. What is the tens digit of k?
2
Let h(d) be the second derivative of 29*d**3/2 - 7*d**2/2 - 27*d. What is the units digit of h(2)?
7
Let q(o) = 1. Let b(c) = c - 9. Let z = -7 + 6. Let w(v) = z*q(v) - b(v). What is the units digit of w(5)?
3
Let c be 8/12*6 - 1. Suppose f - c*f = -158. What is the units digit of f?
9
Let k = 3332 - 1483. What is the units digit of k?
9
Let x = -39 + 48. Suppose -7*c = -x*c + 80. What is the tens digit of c?
4
Let t(j) = -j**3 + j**2 + 97. Let c be t(0). Let a = 148 - c. Suppose -3*f = -6*f + a. What is the units digit of f?
7
Let q = 715 + -331. Suppose 0 = -l - 2*l + q. Suppose -l = m - 5*m. What is the tens digit of m?
3
Let o = 37 + 162. What is the tens digit of o?
9
Let h(r) = 7*r + 1. Let c(y) = -y**2 - 4*y. Let t be c(-4). Suppose -k + t*k = -3. What is the tens digit of h(k)?
2
Let z be 12 + 10 - 2*1. Let j be 339/2 + (-30)/z. Suppose -t = 3*t - j. What is the units digit of t?
2
Let v = -203 - -240. What is the tens digit of v?
3
Let j = -24 - 97. Let m = 303 + j. What is the tens digit of m?
8
Let d(s) = s**3 - 4*s**2 - s + 4. Suppose 24 = 3*c + 4*o, 2*c + 0 = o + 5. Let f be d(c). Suppose 0 = -3*w - f*w + 87. What is the units digit of w?
9
Let r(k) = k**3 + 8*k**2 + 5*k + 1. Let j be r(-4). Suppose 4*p + j = p. What is the units digit of (p/(-10))/(6/172)?
3
Let u(w) be the second derivative of -w**4/12 - 4*w**3/3 - 11*w**2/2 + 6*w. Let b be u(-5). Let g = 9 - b. What is the units digit of g?
5
Suppose 2*p = -5*j + 7*p + 25, 3*j + 1 = -5*p. Suppose j*a = 5*m - 305, -2*m + 0*m + 122 = -2*a. What is the units digit of m?
1
Let d = -412 - -1273. What is the units digit of d?
1
Let t = -20 + 13. Let u = t + 10. Suppose u*i - 56 = i. What is the units digit of i?
8
Suppose 2*x + 4*m + 318 = 0, 2*x + 257 + 29 = 4*m. Let l = x - -274. What is the units digit of l?
3
Let u = 141 + -132. Suppose -u*d = -d - 1072. What is the units digit of d?
4
Suppose 4*m - n + 0*n - 146 = 0, 2*n + 4 = 0. Let y be 5140/36 - (-8)/m. Suppose 3*k - y = 2*c, -4*k - 2*c + 0*c + 172 = 0. What is the tens digit of k?
4
Suppose -11*d = -2786 - 3770. What is the units digit of d?
6
Let w(x) = 9*x**2 - 4*x + 10. Let u be w(5). Suppose -15 = 3*t, n - u = -n + t. What is the tens digit of n?
0
Let r = 502 - 77. What is the units digit of r?
5
Let v be -20*((-999)/(-12))/(-9). Suppose 5*i - v = 4*i. What is the units digit of i?
5
Let v(g) = 16*g**3 + g - 1. Let d be v(1). Let h(t) = -t**3 + 17*t**2 - 17*t. Let n be h(d). What is the units digit of 1287/24 - 6/n?
4
Let v = 41 + 1250. What is the hundreds digit of v?
2
Suppose 0 = -2*h - 3 - 7. Let g be (h/(15/(-9)))/1. What is the tens digit of 15*-3*g/(-9)?
1
Let p be 0/(0 - 1) - -5. Let h(v) = -v**3 + 13*v**2 - 22*v + 8. Let l be h(11). What is the tens digit of p*l + (-7 - -10)?
4
Suppose -2 - 18 = -4*c. Suppose -15 - 5 = -c*m. Suppose -45 - 115 = -m*r. What is the units digit of r?
0
Let k = 592 + 23. What is the hundreds digit of k?
6
Let z = 2 - 1. Let d be (z - (-6 + 0))*2. Let g = d - 2. What is the units digit of g?
2
Let m(x) = 6*x**2 - 2*x - 4. Let k be m(-2). Let d be (1/(-2))/(4/(-16)). Let l = k - d. What is the units digit of l?
2
What is the tens digit of 10422/12*7/((-42)/(-4))?
7
Let w(i) = 3*i - 7. Let j be w(2). Let q(u) = -61*u - 5. What is the tens digit of q(j)?
5
Suppose -2*p + 3 = -1, -4*p - 1664 = -4*j. What is the units digit of j?
8
Let c be 13/((2/4)/(1/2)). Let u(j) = 13*j + 4. What is the hundreds digit of u(c)?
1
Suppose -4*p + 25 = -203. Suppose 0 = -52*t + p*t + 30. Let g = 54 + t. What is the units digit of g?
8
Suppose -4*p + 24 = -8. Suppose 4*z = p, -7 = -4*y + 4*z + 13. Suppose 2*g = y*g - 15. What is the units digit of g?
3
Let c(h) = -h**3 + 21*h**2 - 22*h - 4. Let v be c(20). Let u = v + 57. What is the units digit of u?
3
Let z(c) = c**2 - 25*c - 72. Let i be z(29). What is the tens digit of 378/4*i/33?
2
Suppose 3*c - 2372 = h, 1253 - 3617 = -3*c - 3*h. What is the hundreds digit of c?
7
Suppose 0 = 4*i + 5*o - 2918, 2*o + o - 733 = -i. What is the units digit of i?
7
Suppose -4*p + 116 = -4*x, x - 38 = -p - x. Suppose 4*n + 32 = w, 5*w - 3 - p = -5*n. Let u = w + -8. What is the units digit of u?
4
Let y(i) = 2*i**2 + 21*i + 6. Let q be y(5). Suppose 10*g - 799 = q. What is the tens digit of g?
9
Suppose -5*k + 0 = 40. Let p = k + 11. Let i(b) = -b**3 + 4*b**2 - 2*b + 4. What is the units digit of i(p)?
7
Let c(y) = -y**3 - 14*y**2 + 20*y - 71. What is the hundreds digit of c(-20)?
9
Suppose -2*w = -3*w + 32. Suppose 0 = t - f - 9, -2*f + 0*f + 2 = 3*t. Let b = w - t. What is the units digit of b?
8
Let h be (-99)/(-6) + 1/2. Let s(o) = o**2 + 3*o + 7. Let q be s(-2). Suppose a - h - 5 = -4*r, -q*a + 38 = 2*r. What is the units digit of a?
6
Let o(z) = 12*z - 2. Let p be o(-3). Let g be 1/(-2) - 135/6. Let w = g - p. What is the tens digit of w?
1
Suppose 2*k = k + 9. Let z(r) = -r**3 + 9*r**2 + r - 10. Let g be z(k). What is the units digit of 4/12*(-18)/g?
6
Let g be (45/(-15))/((-3)/101). Suppose 3*q - 5*q - 54 = -2*z, 3*z + 2*q = g. What is the tens digit of z?
3
Let d(v) be the second derivative of 2*v**5/15 - v**4/24 - v**3/3 - 3*v**2/2 + v. Let n(y) be the first derivative of d(y). What is the units digit of n(-2)?
2
What is the tens digit of ((-279)/15)/((-11)/330)?
5
Suppose 423 = r - 5*v, -2*v - 1692 = -4*r - 4*v. What is the units digit of r?
3
Suppose 10*w = 20*w - 80. Let x = 5 - 5. What is the tens digit of (x - -27)/(-7 + w)?
2
Let r(a) = -21*a**3 - 2*a**2 - 11*a - 21. What is the hundreds digit of r(-4)?
3
Suppose 5*f + 4*n + 4 = 102, 0 = f + 4*n - 10. What is the hundreds digit of ((-139)/(-10) - f/55)*8?
1
Let c = 10998 - 7581. What is the units digit of c?
7
Suppose 5*a - 3*y - 1239 = 0, 5*a + 304 - 1540 = 2*y. Suppose 2*l - 4*w - a = 0, -3*l + 2*w - 7*w + 314 = 0. What is the units digit of l?
3
Suppose 3*n - 35 - 82 = 0. What is the tens digit of 4206/n + (-74)/26 + 3?
0
Let l(a) = -a**2 + 9*a - 9. Let p be 1/(-7) - 540/(-105). What is the tens digit of l(p)?
1
Suppose c = 4*d + 1345, -12*c - 1359 = -13*c - 3*d. What is the tens digit of c?
5
Suppose 47*y - 49*y + 3*g = -417, y - 3*g - 204 = 0. What is the tens digit of y?
1
Let r(h) = 46*h**2 + h + 1. Let d be 14*1*32/112. Suppose -d*q + p - 24 = 6*p, 3*q = 3*p + 9. What is the units digit of r(q)?
6
Let y(i) = 14*i + 26. Let z = 8 + 1. What is the units digit of y(z)?
2
Let l be 1/(-3*(-1)/834). Suppose 5*y - l - 332 = 0. What is the units digit of y?
2
Let v(k) = 11*k**2 + 59*k + 5. What is the hundreds digit of v(-10)?
5
Suppose -y + 5 + 1 = 0. Suppose d + 3*j = 214, 11*j - y*j = -3*d + 646. What is the hundreds digit of d?
2
Suppose -4*x = -5*h + 37189, 0*x + h = 5*x + 46481. What is the units digit of 2/(-17) - x/119?
8
Let t = -25 + 38. Suppose -5*w + t = -17. What is the units digit of (9/w)/(6/32)?
8
Suppose 5*i - 3*x - 6823 = 0, 13*i - 9*i - 4*x - 5460 = 0. What is the thousands digit of i?
1
Let t(x) = 27*x**2 + x. Let q(c) = c**2 - 4*c - 2. Let p be q(-3). Let o = p - 18. What is the units digit of t(o)?
8
Let h(l) = -l**3 - 14*l**2 - 12*l + 17. Let k be h(-13). Suppose 0 = z - k + 1, 4*v - 5*z = 305. What is the units digit of v?
0
Suppose 5*b - q + 5*q - 104 = 0, -5*b